y be s(-7). Let k(b) = 2*b + 18. Is 9 a factor of k(y)?
False
Suppose -7*u + 161 = -28. Is u a multiple of 9?
True
Is 10 a factor of -2*-50*(-4)/(-8)?
True
Suppose -3*w = 8 - 5. Let k = w - -2. Suppose 4*q - k = 15. Is q a multiple of 4?
True
Suppose -5*j - 2*n = -27, -4*j + 4*n = -35 - 9. Is 7 a factor of 1 - (1 + -1*j)?
True
Let g = 3 - 1. Suppose -c + 15 = g*c. Suppose 2*k - 92 = -c*h, -h - 96 = -5*h + 4*k. Does 10 divide h?
True
Suppose 810 = 7*u - 2*u. Suppose -7*k + 4*k = -u. Does 21 divide k?
False
Suppose -26 = -m - 2*p + 5*p, -2*m = 5*p - 85. Does 7 divide m?
True
Let u(f) = -f**2 + 7*f - 4. Suppose 5*k + 1 - 21 = 0. Is u(k) a multiple of 8?
True
Suppose -s + 6 = -0. Let x be 105/6*s/5. Suppose x = 3*q - 54. Does 13 divide q?
False
Suppose 0*g - g = -35. Let j = -16 + g. Is j a multiple of 11?
False
Let g(p) = p**2 + p. Let z be g(1). Suppose 0*b + 50 = z*b. Is 9 a factor of b?
False
Suppose -t + 3*t = 2*r - 16, 2*t - 9 = -3*r. Let i(p) be the second derivative of -4*p**3/3 - 2*p**2 - 2*p. Is i(t) a multiple of 20?
True
Suppose c + n + 19 = 6*c, 3*c - 3*n - 21 = 0. Let s(r) = r - 2. Let h be s(6). Suppose 3*q + h*a - 2*a - 87 = 0, -93 = -c*q - 4*a. Does 9 divide q?
True
Let z(h) = -h**2 - 7*h + 4. Let m be z(-7). Is 15 a factor of 22 - (2/(-1) + m)?
False
Suppose 1 = -8*r - 7. Suppose 0 = 3*u - 0*u + 3. Is 6 a factor of 8 - 1 - u/r?
True
Suppose 3*a + 0*a - 234 = 0. Is a a multiple of 26?
True
Suppose -12 = -3*i, -32 = -2*o + 2*i + 42. Let y(q) = o*q**2 + 1 + 1 - 3. Is y(-1) a multiple of 16?
False
Let d = -15 + 35. Is d a multiple of 13?
False
Let q(g) = g**3 + 6*g**2 - g. Does 4 divide q(-6)?
False
Suppose u = -u - 4. Let m be u/(-4)*(-8)/(-1). Suppose m*j - 85 = -29. Is 9 a factor of j?
False
Suppose -f - 4*f = -3*j + 11, -2*j - 4*f = 0. Let s be (10 + j)/(-1 + 2). Let x = 6 + s. Does 11 divide x?
False
Let k(x) = x**3 + 11*x**2 + 7*x - 20. Does 33 divide k(-9)?
False
Let q be ((-21)/9)/(1/(-3)). Suppose 3*z = 2*t - q, -2*t - 3*z = 1 - 14. Is t a multiple of 5?
True
Let z(x) = 20 + 4*x**2 + 14*x + x**2 - 6*x**2 + 0*x**2. Is z(14) a multiple of 19?
False
Let p(s) = 152*s**3 + 2*s**2 - s. Let w = 5 + -4. Let y be p(w). Suppose -y = -5*a + 37. Is 14 a factor of a?
False
Is 8 - (3 + (-2 - 1)) a multiple of 4?
True
Let g(m) = -m**2 + 17*m - 1. Does 11 divide g(14)?
False
Suppose -257 = -w - 5*q, 0 = -2*w + 3*w - 5*q - 217. Does 41 divide w?
False
Let b be 1 - (2 - (0 - -1)). Suppose 3*w - 9 = 4*w - 3*l, 3*w - 4*l + 2 = b. Is w a multiple of 3?
True
Suppose 23 = 5*u - 12. Suppose 3*f - 2 + 5 = 5*t, -5*f = -4*t - 8. Suppose 48 = t*r + 4*c + u, 2*r - 9 = c. Is r a multiple of 7?
True
Suppose 60 = 3*p + 2*p. Suppose -r + 36 = 2*w, w + p = r - 39. Is r a multiple of 23?
True
Let g = 23 - 3. Suppose 0 = 3*t - t - g. Is t a multiple of 10?
True
Let j be 4/3 + 2/(-6). Let h be (2 + -2)/(j/(-1)). Suppose -2*z + 5*m + 43 = h, -z + 2*z - 28 = -4*m. Is 21 a factor of z?
False
Let o(y) = -y**3 + 13*y**2 - 17*y - 5. Let n be o(12). Let r = n - -141. Is r a multiple of 22?
False
Suppose -b = -4*x + 10, 2*x - 4*x = -4*b + 2. Is x a multiple of 3?
True
Let t(p) = p**2. Let j(z) = 4*z + 20*z**2 - 4*z. Let u(m) = j(m) - t(m). Does 10 divide u(-1)?
False
Let u = 6 + -6. Suppose -4*k = 4*g + 26 - 62, u = -5*k - 3*g + 51. Is k a multiple of 4?
True
Suppose 12*z - 13*z + 144 = 0. Is z a multiple of 18?
True
Let l(k) = -4 + 0*k - 3*k + 3. Let t be l(6). Let c = 32 + t. Is 5 a factor of c?
False
Suppose q = 3*p + 70, -5*p - 18 - 48 = -q. Suppose -5*l + 149 = -q. Is 15 a factor of l?
True
Let z be 1 + -2 + 6/1. Suppose 2*n - 37 = -2*b + 23, 4*n = z*b + 165. Suppose 0 = -5*k + n - 0. Does 7 divide k?
True
Let g(s) = -s**3 + 7*s**2 - 7*s + 1. Let j be g(5). Let d = j + -7. Is 9 a factor of d?
True
Is 15 a factor of 150/(-12)*(-18)/15?
True
Suppose -8*z = -11*z - 117. Let q = 61 + z. Is q a multiple of 20?
False
Let h be 1/(3/(-21)*-1). Let k = 11 - h. Suppose x + 90 = k*d, 4*d + 2*x = -0*x + 96. Is 13 a factor of d?
False
Suppose -20 = -4*j - j. Suppose 4*a = -4*v + j, 3*a = -4*v - 0*a + 3. Suppose -150 = -5*u - v*u. Is u a multiple of 15?
True
Suppose -4*c + 113 = -47. Does 8 divide c?
True
Suppose d + 189 = -2*r, 3*r - d + 264 = 4*d. Is r*((-8)/6 + 1) a multiple of 8?
False
Suppose 0 = -3*f + f + 76. Is 9 a factor of f?
False
Suppose -3*h - 15 = -3*l - 0*h, -2*l + 4*h = -14. Let g(s) = -s + 3. Let w be g(l). Suppose w*j - 36 = -3*j. Is 10 a factor of j?
False
Let b(r) = -6*r - 4. Let h be b(-4). Let g = -11 + h. Is g a multiple of 9?
True
Let s be ((-1)/(-1))/((-6)/(-342)). Let a = s + -27. Is a a multiple of 15?
True
Suppose 0 = -2*t - f + 2*f - 11, t + 9 = 4*f. Let z = -3 - t. Suppose -23 = -q - 4*k, 5*q - 202 + 15 = -z*k. Is q a multiple of 13?
True
Suppose -z = -3*y - 45, -8 = y + y. Is 33 a factor of z?
True
Let u = 1469 - 1033. Suppose -v + u = -2*r + 6*r, -v + 326 = 3*r. Suppose -3*l - 5*h = 2*l - r, -2*h = 2. Does 12 divide l?
False
Does 9 divide 1248/(-13)*1*-1?
False
Let v(u) = -u**3 + 3*u - 1. Let y(n) = n**3 - 3*n**2 - 4*n + 2. Let q be y(4). Let a be v(q). Let r = a - -13. Does 10 divide r?
True
Suppose 0 = -5*m + 10 + 5. Is 9 a factor of (22 + (-3)/m)/1?
False
Let t = 46 - -7. Is t a multiple of 5?
False
Suppose 7*w = 4*w + 96. Is 10 a factor of 0 - (1 - -1 - w)?
True
Suppose 7*a - 3*a - 8 = 0. Suppose 2*h + a*h - 40 = d, -4*h - 5*d = -16. Does 4 divide h?
False
Let o(d) = d**2 + 15*d + 16. Is 16 a factor of o(-16)?
True
Let w = 47 - -121. Is 12 a factor of w?
True
Let r(s) = 2*s**2 - s + 1. Is r(2) a multiple of 7?
True
Let n = 86 + -57. Let x = 7 + n. Does 9 divide x?
True
Let d(g) = -g**2 - 7*g. Let h be d(-6). Let b = -3 + h. Is b even?
False
Suppose a - 29 = -2*a - 4*u, -2*a + u = -1. Suppose -16 = a*q - 4*q. Is 8 a factor of q?
True
Let t(l) = 2*l**2 + l - 3. Is 18 a factor of t(3)?
True
Suppose -5*j - 3*n - 29 = 0, 3*n - 4 = 2. Does 10 divide (j + 0)*(-60)/42?
True
Suppose -o + 5*o - 272 = 0. Let j = -41 + o. Does 9 divide j?
True
Suppose 3*a = 2*m + 7*a - 4, 0 = -a. Let b(c) = -2 + c**2 + 0*c**m - 13*c**3 + 2*c + 3. Is b(-1) a multiple of 10?
False
Does 25 divide 3/(-6) + 303/6?
True
Suppose 3*d = 2*d + 6. Let p be (d*(-2 - -1))/(-1). Suppose 14 - p = t. Is t a multiple of 4?
True
Suppose -4*v = -46 + 10. Suppose 4*g - 7 - v = 2*s, 5*g - 10 = 5*s. Let r(d) = d**2 - 4*d - 4. Does 5 divide r(g)?
False
Let c = 8 + -12. Let a be 10*c*(-1)/10. Suppose -2*i + 2*v = 2*i - 84, 0 = -a*i - 5*v + 70. Is i a multiple of 10?
True
Suppose -u = -5*u + 96. Suppose -s = s - 3*o - u, 20 = 4*s + o. Is 4 a factor of s?
False
Let v(h) = -1 - 2*h - 6 + 0. Let f be v(-5). Suppose 75 = -2*l + 6*l + f*p, -l - 5*p = -23. Is 9 a factor of l?
True
Let g be 10/4*(-610)/(-25). Suppose -c = 3*b - 7 - 13, 5*c - g = -2*b. Is 6 a factor of c?
False
Let b = -48 + 94. Does 46 divide b?
True
Let y = -1 + -13. Let m(s) = -2*s - 16. Is m(y) a multiple of 12?
True
Suppose -2*y = -3*l + 47 - 141, 0 = -5*y - 3*l + 256. Is 14 a factor of y?
False
Let l be 4 + (-4)/(-6)*-3. Suppose -88 = -5*g + q, l*g - 5 = 5*q + 21. Is 7 a factor of g?
False
Let u(b) = 4*b**2 - 8*b - 10. Is u(-5) a multiple of 10?
True
Suppose v + 126 + 63 = 0. Let m = v + 111. Let r = -55 - m. Is 12 a factor of r?
False
Let j(p) = -p + 15. Let g be j(0). Suppose -3*o + 123 = g. Suppose q + q = o. Is q a multiple of 15?
False
Suppose n + 0*j = -3*j - 6, -3*n - j + 6 = 0. Is n a multiple of 3?
True
Let q be (-4)/(-2)*-1*1. Is 2 a factor of 2 + -3 - (-1 + q)?
True
Let a(z) = z**3 - z**2 - 3*z + 5. Let r be a(4). Let f be 3/4 + (-1)/(-4). Let v = r - f. Does 16 divide v?
False
Let r = 4 + -10. Let t = -6 - r. Suppose t = -3*y - 15, 5*v - 4*y + 34 = 409. Is v a multiple of 18?
False
Is 20 a factor of 132*((-9)/(-2))/9?
False
Suppose 10*d + 4*d - 2198 = 0. Does 13 divide d?
False
Suppose m = -m - 32. Let f = -4 - m. Is 7 a factor of f?
False
Let c be (8/(-2))/(1 + -3). Suppose c*x + 31 - 135 = 0. Does 19 divide x?
False
Let z(a) = 4*a + 2. Is z(6) a multiple of 7?
False
Suppose 2 = -3*h + 3*u - 7, -3*u = h - 9. Let p(v) = -2*v + 3. Is 2 a factor of p(h)?
False
Let k(n) be the first derivative of -n**5/5 - n**4/3 - n**3/3 + n**2 + n + 4. Let c(a) be the first derivative of k(a). Does 11 divide c(-2)?
True
Let u(i) = 